 (base 16) to base 12
133
What is -1512 (base 14) in base 16?
-e9c
What is -85a (base 12) in base 16?
-4c6
Convert 479 (base 11) to base 5.
4240
What is -22443 (base 6) in base 10?
-3195
Convert 2043 (base 7) to base 9.
876
What is 153a5 (base 12) in base 4?
13103231
Convert 285 (base 12) to base 5.
3024
20101010 (base 3) to base 7
16356
Convert 1101100101110 (base 2) to base 11.
5256
-1b098 (base 13) to base 12
-26705
2132 (base 6) to base 10
488
-1006 (base 10) to base 5
-13011
What is 89 (base 10) in base 12?
75
Convert 11013 (base 4) to base 8.
507
Convert -4312 (base 5) to base 11.
-48a
What is -11000001 (base 2) in base 15?
-cd
What is 224344 (base 7) in base 13?
15265
Convert -62430 (base 10) to base 14.
-18a74
What is 488a (base 14) in base 11?
9575
What is -41206 (base 7) in base 13?
-4762
What is -2100222 (base 3) in base 6?
-11555
What is -12110011 (base 3) in base 9?
-5404
5117 (base 10) to base 4
1033331
What is -7738 (base 11) in base 3?
-111222222
Convert -3563 (base 9) to base 11.
-1a99
Convert 1100101111 (base 2) to base 9.
1105
143 (base 10) to base 7
263
What is 2302 (base 10) in base 6?
14354
What is -102333 (base 5) in base 11?
-2673
What is 102001 (base 4) in base 11?
959
-19239 (base 13) to base 9
-73743
What is 1052 (base 10) in base 8?
2034
What is 3126 (base 7) in base 6?
5030
What is 883 (base 14) in base 15?
773
bdad (base 15) to base 6
510101
13e1 (base 15) to base 16
10a5
What is 2011002102 (base 3) in base 6?
524015
Convert -12120 (base 5) to base 10.
-910
Convert -222404 (base 5) to base 9.
-11686
What is -963 (base 10) in base 14?
-4cb
Convert -10030201 (base 4) to base 14.
-6397
What is -1ae (base 16) in base 4?
-12232
What is 22110010 (base 4) in base 3?
2010221121
500 (base 12) to base 4
23100
Convert 320031 (base 4) to base 9.
4836
Convert 11101111000 (base 2) to base 9.
2554
100010010000011 (base 2) to base 4
10102003
111000111 (base 2) to base 11
384
-13a (base 16) to base 5
-2224
What is -20212011 (base 3) in base 7?
-20401
1202011212 (base 3) to base 5
2100034
22831 (base 9) to base 10
15256
-1601 (base 10) to base 14
-825
Convert -1390 (base 10) to base 16.
-56e
What is -4205 (base 7) in base 14?
-775
Convert -3226 (base 8) to base 16.
-696
Convert 1107 (base 12) to base 14.
983
1b0 (base 16) to base 7
1155
What is -1011100010110 (base 2) in base 4?
-1130112
What is -1724 (base 9) in base 5?
-20233
-210022 (base 3) to base 5
-4300
340 (base 12) to base 9
583
Convert -443 (base 9) to base 6.
-1403
What is 220021 (base 3) in base 4?
22033
Convert 106 (base 14) to base 13.
127
Convert -31530 (base 7) to base 8.
-17204
Convert -576 (base 15) to base 12.
-870
Convert 1101011001111 (base 2) to base 13.
317c
Convert 120221 (base 3) to base 15.
1da
Convert -21102 (base 5) to base 15.
-637
Convert -45 (base 14) to base 12.
-51
Convert -698 (base 11) to base 7.
-2300
Convert -25232 (base 6) to base 14.
-152c
Convert 7bcb (base 14) to base 10.
21543
-22025 (base 8) to base 5
-243422
10022121 (base 3) to base 9
3277
-1661 (base 11) to base 16
-84c
Convert -23e (base 16) to base 11.
-482
What is 33680 (base 10) in base 5?
2034210
What is 363513 (base 7) in base 14?
1a143
What is 28c (base 13) in base 15?
204
Convert 89 (base 15) to base 2.
10000001
Convert 152451 (base 6) to base 12.
8727
-1600 (base 9) to base 5
-14330
What is 3331 (base 5) in base 15?
211
Convert 3965 (base 14) to base 10.
10085
Convert 3782 (base 15) to base 10.
11822
Convert -122 (base 9) to base 2.
-1100101
What is 2100 (base 6) in base 13?
2a0
1502 (base 6) to base 5
3043
-40400 (base 6) to base 4
-1103100
-2165 (base 13) to base 12
-2832
What is 3705 (base 13) in base 11?
5932
-6ab (base 15) to base 8
-2747
-143341 (base 5) to base 10
-6096
59309 (base 10) to base 3
10000100122
What is 8534 (base 12) in base 11?
aa59
-110322 (base 4) to base 10
-1338
Convert -88b (base 13) to base 10.
-1467
What is 1553 (base 8) in base 12?
60b
Convert -30011 (base 4) to base 5.
-11043
Convert -3973 (base 10) to base 12.
-2371
-ba77 (base 15) to base 11
-27738
What is -10121 (base 4) in base 3?
-101102
8286 (base 9) to base 8
13670
Convert 44140 (base 5) to base 2.
101111100101
Convert 135 (base 16) to base 4.
10311
What is 191 (base 11) in base 7?
434
Convert -134323 (base 5) to base 15.
-19c8
What is 10010010100 (base 2) in base 12?
818
-683 (base 11) to base 10
-817
a244 (base 16) to base 6
520152
Convert -dd8 (base 16) to base 15.
-10b4
Convert 20200002 (base 3) to base 13.
22a0
-2403 (base 6) to base 4
-21003
Convert -27c (base 16) to base 6.
-2540
What is 6bbe (base 16) in base 11?
197a5
Convert 504 (base 7) to base 14.
13b
98ea (base 15) to base 3
1122102211
Convert 31104 (base 7) to base 3.
101102110
What is -a9 (base 12) in base 3?
-11210
65645 (base 7) to base 13
7643
-a2 (base 13) to base 9
-156
What is -b4 (base 15) in base 4?
-2221
What is -1010110000 (base 2) in base 3?
-221111
What is 1210233 (base 4) in base 5?
201242
-6ab (base 12) to base 13
-5b7
-2418 (base 12) to base 6
-30432
Convert -5150 (base 8) to base 2.
-101001101000
144010 (base 7) to base 11
19974
Convert -97 (base 12) to base 8.
-163
Convert -22331200 (base 4) to base 10.
-44896
What is -3313 (base 5) in base 2?
-111001010
What is 1466 (base 16) in base 2?
1010001100110
Convert 3323 (base 5) to base 8.
717
102402 (base 8) to base 13
12663
Convert -330110 (base 4) to base 15.
-1225
2442 (base 9) to base 13
aa0
-1203202 (base 4) to base 10
-6370
-b729 (base 12) to base 2
-100111001010001
Convert -1010100000111 (base 2) to base 9.
-7341
What is -34a41 (base 11) in base 7?
-300144
Convert 17012 (base 13) to base 16.
abb3
Convert -111212 (base 4) to base 12.
-972
-130 (base 10) to base 16
-82
-3050 (base 6) to base 11
-567
Convert 13d73 (base 15) to base 4.
33210213
What is -424 (base 7) in base 15?
-e4
What is 1112101 (base 3) in base 12?
791
What is 538 (base 15) in base 12?
822
Convert 260 (base 16) to base 11.
503
-3493 (base 12) to base 9
-8043
Convert 1220 (base 5) to base 13.
113
What is -1101111011 (base 2) in base 5?
-12031
Convert -5520 (base 14) to base 4.
-3212020
What is 533225 (base 6) in base 11?
2a760
Convert 36230 (base 10) to base 12.
18b72
-10002020 (base 3) to base 4
-203013
-ca01 (base 15) to base 4
-22123333
What is -101100100101 (base 2) in base 15?
-ca3
What is 23210 (base 4) in base 8?
1344
2160 (base 9) to base 14
81b
What is -5b42 (base 15) in base 7?
-110411
What is -331301 (base 4) in base 3?
-12102102
Convert 725 (base 13) to base 12.
852
What is -202 (base 9) in base 5?
-1124
What is 12033 (base 4) in base 7?
1110
What is 12141 (base 5) in base 15?
416
12010 (base 3) to base 12
b6
a25 (base 12) to base 2
10110111101
What is 2222102 (base 3) in base 15?
99b
3264 (base 7) to base 9
1543
-101110101010 (base 2) to base 13
-1489
What is -436 (base 14) in base 13?
-4c0
Convert 1223210 (base 5) to base 11.
16774
Convert -12533 (base 7) to base 3.
-11121022
What is -110220 (base 3) in base 14?
-1ac
What is -812 (base 12) in base 9?
-1535
What is -1033333 (base 4) in base 12?
-2b67
What is -2538 (base 16) in base 7?
-36531
10112102 (base 3) to base 13
1232
Convert 5140 (base 12) to base 2.
10001010000000
110220 (base 4) to base 11
aa0
Convert 101101001000 (base 2) to base 5.
43023
Convert 3100 (base 4) to base 15.
dd
1029 (base 12) to base 13
a56
-6254 (base 14) to base 7
-100234
Convert -1177 (base 14) to base 4.
-233211
What is 27402 (base 8) in base 15?
3874
-b15 (base 13) to base 3
-2120112
Convert -1202 (base 5) to base 14.
-c9
132331 (base 4) to base 15
8c1
-d23 (base 15) to base 7
-11424
Convert 100010201 (base 3) to base 2.
1101000000101
220120022 (base 3) to base 13
81c8
3223012 (base 4) to base 14
56aa
Convert -1aa64 (base 11) to base 5.
-1413411
Convert -2140 (base 5) to base 16.
-127
Convert 2598 (base 11) to base 6.
23342
Convert -4340 (base 5) to base 7.
-1510
Convert -220 (base 5) to base 4.
-330
What is 5046 (base 8) in base 13?
124b
-989 (base 15) to base 2
-100001101010
Convert -137 (base 11) to base 6.
-425
What is -3f77 (base 16) in base 13?
-751a
Convert 9b52 (base 14) to base 9.
40835
-105 (base 10) to base 4
-1221
-101050 (base 7) to base 6
-211321
What is -7b (base 16) in base 4?
-1323
Convert 6411 (base 7) to base 14.
b78
What is -1